 k(u) = -5*u - 18. Let q be k(-4). Suppose -l + 3 - 16 = -2*z, 0 = q*l + 10. Suppose n = -c + 20, -c - 3*c + z*n + 104 = 0. What are the prime factors of c?
23
List the prime factors of ((-27)/(-12) + -3)*-4 - (-4 - 5649).
2, 7, 101
Let a be 12/42 - (-2)/(-7). Let s(q) = -6 + 2 - 8 - 7*q + a*q**2 + 4*q**2. What are the prime factors of s(-2)?
2, 3
Suppose -6290*k + 254276 = -6268*k. List the prime factors of k.
2, 5779
Let u be (-3)/(-9)*-611*(-1 - -4). Let s = 1071 + u. What are the prime factors of s?
2, 5, 23
Let y = 467 + 1756. Suppose -5*g - 4*j + y + 1833 = 0, 0 = g - 3*j - 796. List the prime factors of g.
2, 101
Let o be (12/5)/(3/(-820)). Let a = o - -920. What are the prime factors of a?
2, 3, 11
Suppose -5*q + u + 3*u = -80, -3*u - 51 = -3*q. Let p(k) be the first derivative of -k**4/4 + 4*k**3 + k**2/2 + 3*k - 589. What are the prime factors of p(q)?
3, 5
Suppose -v - 15 + 74 = -w, -3*w = 2*v - 138. Suppose 0 = 11*u + v - 4485. List the prime factors of u.
2, 3, 67
What are the prime factors of (16 - 14)/(10/85135)?
17027
Suppose 5*b + 5 = 10. Suppose -76*l = -78*l - 190. Let j = b - l. List the prime factors of j.
2, 3
Let u(p) = 10304*p - 22. Let s be u(3). What are the prime factors of 14/133 - s/(-38)?
3, 271
Let g(x) = 3*x - 7. Let p be g(-2). Let o(h) = h + 18. Let m be o(p). Suppose 136 + 303 = m*y - 2*r, 342 = 4*y + 3*r. What are the prime factors of y?
3, 29
Let d = -31 - -89. Let c = d + 184. List the prime factors of c.
2, 11
Suppose -22*s + 5*t = -16*s - 59212, s = -5*t + 9892. List the prime factors of s.
2, 617
Let n = 2897 + -1701. Suppose b - 4*s = -b + n, 5*b + 5*s = 2915. What are the prime factors of b?
2, 3, 7
Let q(u) = -619*u + 8. What are the prime factors of q(-10)?
2, 3, 1033
Suppose 28*s - 19674 - 74210 = 0. Let l = 5052 - s. What are the prime factors of l?
1699
Let s(q) = -20*q + 320. Let b be s(16). Let k = -4 - -10. What are the prime factors of -226*(b + 3/k - 1)?
113
Let t(q) = q**3 - 3*q**2 - 4*q + 10. Let a be t(4). Suppose 14*z - 660 = a*z. Suppose -5*i = -z - 25. List the prime factors of i.
2, 19
Suppose -7*b - 2112 = -11*b. Let z = 839 - b. What are the prime factors of z?
311
Let v = -17337 + 58025. What are the prime factors of v?
2, 2543
Let o(m) = -m - 10. Let d be o(-10). Let t(j) = -327*j + 9. Let u be t(-13). List the prime factors of 2/(-4) + u/24 + d.
3, 59
Let s(q) = -4*q - 22. Let d be s(-6). Suppose -2*j + 3*m + 1382 = 0, -d*j - j - 3*m + 2103 = 0. What are the prime factors of j?
17, 41
Suppose 0*a + 5*a = 4*c + 3, -5*a = 3*c - 24. Suppose -4*b = -2*y - 0*b + 1148, 0 = -c*y + 4*b + 1722. What are the prime factors of y?
2, 7, 41
Suppose -1970*y = -1981*y + 186527. What are the prime factors of y?
31, 547
Let f be 39/(-2) - 3/6. Let j = -18 - f. What are the prime factors of 40 - j*((-5 - -2) + 2)?
2, 3, 7
Suppose -4*u + 5*m = -243, 70*u - 4*m = 68*u + 114. Suppose u*t = 23*t + 2376. List the prime factors of t.
2, 3
Let f(y) = 2*y**2 - y + 2. Let l be f(0). Suppose 10*i - 15*i + 1094 = 2*j, 0 = l*i - j - 434. List the prime factors of i.
2, 109
Suppose t - 5*m - 18867 = -1662, 5*m - 85935 = -5*t. What are the prime factors of t?
2, 3, 5, 191
Suppose 0 = -3*p - 27 + 39. Suppose -5*j - 20 = -2*h - 0*h, -4*j = -p*h + 16. Suppose 4*o = 5*n - 113, 0 = -n - h*o + 4*o + 13. List the prime factors of n.
5
Suppose 0 = 6*m + 1256 + 472. Let o be m/112 - (-1 - (-3)/7). Let p(v) = 2*v**2 + v - 3. List the prime factors of p(o).
3
Let c(z) = 507*z**2 - 38*z - 113. What are the prime factors of c(-4)?
3, 11, 13, 19
Let i(z) = -3211*z + 72. List the prime factors of i(-3).
3, 5, 647
Let q(w) = 229*w**2 + 3*w - 5. List the prime factors of q(3).
5, 7, 59
Let h be 230/40 - 3/(-12). Let p(f) = 25*f**2 - 16*f + 9. What are the prime factors of p(h)?
3, 271
Suppose -4*z + 4 = 0, 4*o - 3 = 3*o - 3*z. Suppose 4 + o = -2*s. List the prime factors of ((-1)/2)/(s/292).
73
Suppose 4*l + 27542 = 104510. List the prime factors of l.
2, 3, 1069
Suppose -5*a - 441 = -4*v - 0*v, -354 = 4*a - 2*v. Let d = 107 + a. Suppose -x + 30 = l, 2*x + d = l - 0*l. What are the prime factors of l?
2, 13
Let r = 1908 + -1067. Let o = r + -482. What are the prime factors of o?
359
Suppose 5*s + 13 = 53. Suppose 2*p - 1655 = z, 3295 = 4*p + s*z - 5*z. List the prime factors of p.
2, 7, 59
Let x = 2530 + -1194. What are the prime factors of x?
2, 167
Let w(v) = -6*v - 16. Let i be w(-3). Suppose -i*l + 4*t + 2582 = 0, -l + t + 146 = -1141. What are the prime factors of l?
1283
Let h(l) = 2*l - 34. Let o be h(18). Let u be (3 - (-3 + o)) + (-18)/9. What are the prime factors of (3 + -11)*(-31)/u?
2, 31
Suppose 9*r = 13*r + 5*k - 19515, 3*r = 4*k + 14675. List the prime factors of r.
5, 977
Let x(i) = 35*i - 14*i + 20*i + 10*i + 49. Let z be x(11). Let r = z - 428. What are the prime factors of r?
2, 7, 13
Suppose 2 = 2*y - 18. Let b(a) be the first derivative of 5*a**3/3 - 41*a**2/2 - 2*a - 189. What are the prime factors of b(y)?
2, 11
Let k = -83 + 149. Suppose k*i = 58*i + 1560. List the prime factors of i.
3, 5, 13
Let r = -10335 - -19546. List the prime factors of r.
61, 151
Let x(w) = 19*w**2 + 3*w - 1. Let t be x(6). Suppose -3*m + 5*h = -683, h - 400 = -5*m + t. List the prime factors of m.
13, 17
Suppose -12 = -7*m + 3*m. Suppose 3*r = -0*j + 4*j + 6, 0 = m*j - r + 2. Suppose -8*d + d + 1085 = j. List the prime factors of d.
5, 31
Let r = 57474 + -13797. What are the prime factors of r?
3, 23, 211
Let a(w) = -189*w**3 - 6*w**2 - 50*w - 157. List the prime factors of a(-4).
12043
Let f be (-55 + 14)/((-3)/141). Suppose 7*a - f = 4569. List the prime factors of a.
2, 29
Let p = 13236 + -2204. What are the prime factors of p?
2, 7, 197
Suppose -3*c + 2*c = -3*o + 18964, -o - c + 6328 = 0. What are the prime factors of o?
6323
Suppose 20*w - 18*w = -5*y + 106953, 0 = 4*w - 3*y - 213815. What are the prime factors of w?
7, 1091
Let a be 2/3 - 10/6. Let j = a - -93. List the prime factors of j.
2, 23
Let l(x) be the third derivative of x**5/30 - x**4/3 + 3*x**3 - 12*x**2. Let q be l(7). Suppose -63*z = -q*z - 624. What are the prime factors of z?
2, 13
Suppose -21*y + 29*y - 1448 = 0. Suppose -5*o + y = -4*q, 5*o + q - 157 = -q. List the prime factors of o.
3, 11
List the prime factors of (0 - (3 - 2) - -2)/(24/219288).
9137
Let s(f) = f**2 - 13*f + 147. Let m(p) = -2*p + 55. Let r be m(9). List the prime factors of s(r).
3, 5, 23
Suppose 0 = 19*m - 6910 - 15206. Let k = -764 + m. List the prime factors of k.
2, 5
Let l(c) = 5*c**2 - 10*c - 10. Let r be (-781)/(-55) - 1/5. What are the prime factors of l(r)?
2, 5, 83
Suppose -41*f - 50 = -31*f. What are the prime factors of 1373 + 6 + -3 - f?
1381
Suppose -50*i + 7599 = 115776 - 538327. List the prime factors of i.
7, 1229
Let f(n) = -24*n - 24 - 27 - 20 + 59. Let w(g) = -g - 1. Let s(j) = -6*f(j) + 66*w(j). What are the prime factors of s(1)?
2, 3, 7
Let v(c) = c**3 + 5*c**2 - 10*c - 33. Let r be v(-6). List the prime factors of (-1086)/r - (-2)/(-3).
2, 3, 5
Suppose -7*a = 14 + 14. Let t be 1/2 + a/8*-87. Suppose -5*p = -4*p - t. List the prime factors of p.
2, 11
Suppose 0 = 7*v - 4*v - 69. Let h = v + -28. Let b(q) = q**2 + 9. What are the prime factors of b(h)?
2, 17
Let i be 4/(-4) - (121 + -3). Let k = 227 + i. Suppose 2*y + 2*z = k, -6*y + 2*z = -3*y - 157. List the prime factors of y.
53
Let n = -2804 - -10009. List the prime factors of n.
5, 11, 131
Suppose 3*l = 3*c - 464 + 1322, -4*c - 12 = 0. Let v = -14 - -20. Suppose l + 371 = v*b. What are the prime factors of b?
109
Suppose -37*k + 439286 + 950175 = 0. List the prime factors of k.
17, 47
Suppose 163402 = -37*h + 587570. List the prime factors of h.
2, 1433
Let x(f) = 11*f - 2*f**2 - 9*f + 11*f + 6*f**2 + 7. Let c be x(-3). Suppose k = c*n + 28, k + 4*n = 46 - 10. List the prime factors of k.
2
Suppose -316*q + 324*q = 66352. Suppose -58*x = -36*x - q. What are the prime factors of x?
13, 29
Suppose 586 = 5*x + 3*n, -6*x = -2*x - n - 462. Let o = x - 10. List the prime factors of o.
2, 53
Suppose -11*z + 9 = 86. Let h be (-38)/(-7) + -9*z/(-147). Suppose 3*x = -h*y + 664, y = -5*x - 152 + 1222. What are the prime factors of x?
3, 71
Let y = -21 - -24. Suppose y*z - 233 = 3*r - 2*z, 4*r = -3*z - 359. Let f 